{"id":4547,"date":"2025-02-04T02:46:21","date_gmt":"2025-02-04T02:46:21","guid":{"rendered":"https:\/\/shop.ferreteriasilver.com\/?product=sikaset-l-co-pl-25kg"},"modified":"2025-03-31T02:31:02","modified_gmt":"2025-03-31T02:31:02","slug":"sikaset-l-co-pl-25kg","status":"publish","type":"product","link":"https:\/\/shop.ferreteriasilver.com\/?product=sikaset-l-co-pl-25kg","title":{"rendered":"Sikaset L Universal aditivo l\u00edquido acelerante del fraguado de concretos y morteros 25KG"},"content":{"rendered":"<p>Aditivo l\u00edquido que acelera el fraguado (endurecimiento) y el desarrollo de resistencias mec\u00e1nicas del mortero y el concreto a todas las edades (tempranas y finales). Se obtienen resistencias m\u00e1s altas a edad temprana.<\/p>\n","protected":false},"excerpt":{"rendered":"<p>Acelerante de fraguados y resistencias para concreto y mortero.<\/p>\n","protected":false},"featured_media":4421,"comment_status":"closed","ping_status":"closed","template":"","meta":[],"product_brand":[299],"product_cat":[257],"product_tag":[263,258,262],"class_list":{"0":"post-4547","1":"product","2":"type-product","3":"status-publish","4":"has-post-thumbnail","6":"product_brand-sika","7":"product_cat-aditivos-y-complementarios","8":"product_tag-acelerar-tiempo-de-fraguado-y-resistencia-inicial-de-concretos-y-morteros","9":"product_tag-aditivo","10":"product_tag-aditivo-acelerante-para-morteros-y-concretos","12":"first","13":"instock","14":"taxable","15":"shipping-taxable","16":"purchasable","17":"product-type-simple"},"_links":{"self":[{"href":"https:\/\/shop.ferreteriasilver.com\/index.php?rest_route=\/wp\/v2\/product\/4547","targetHints":{"allow":["GET"]}}],"collection":[{"href":"https:\/\/shop.ferreteriasilver.com\/index.php?rest_route=\/wp\/v2\/product"}],"about":[{"href":"https:\/\/shop.ferreteriasilver.com\/index.php?rest_route=\/wp\/v2\/types\/product"}],"replies":[{"embeddable":true,"href":"https:\/\/shop.ferreteriasilver.com\/index.php?rest_route=%2Fwp%2Fv2%2Fcomments&post=4547"}],"wp:featuredmedia":[{"embeddable":true,"href":"https:\/\/shop.ferreteriasilver.com\/index.php?rest_route=\/wp\/v2\/media\/4421"}],"wp:attachment":[{"href":"https:\/\/shop.ferreteriasilver.com\/index.php?rest_route=%2Fwp%2Fv2%2Fmedia&parent=4547"}],"wp:term":[{"taxonomy":"product_brand","embeddable":true,"href":"https:\/\/shop.ferreteriasilver.com\/index.php?rest_route=%2Fwp%2Fv2%2Fproduct_brand&post=4547"},{"taxonomy":"product_cat","embeddable":true,"href":"https:\/\/shop.ferreteriasilver.com\/index.php?rest_route=%2Fwp%2Fv2%2Fproduct_cat&post=4547"},{"taxonomy":"product_tag","embeddable":true,"href":"https:\/\/shop.ferreteriasilver.com\/index.php?rest_route=%2Fwp%2Fv2%2Fproduct_tag&post=4547"}],"curies":[{"name":"wp","href":"https:\/\/api.w.org\/{rel}","templated":true}]}}