{"id":4554,"date":"2025-02-04T02:46:23","date_gmt":"2025-02-04T02:46:23","guid":{"rendered":"https:\/\/shop.ferreteriasilver.com\/?product=antisol-blanco-co-pl-20kg"},"modified":"2025-03-31T02:31:03","modified_gmt":"2025-03-31T02:31:03","slug":"antisol-blanco-co-pl-20kg","status":"publish","type":"product","link":"https:\/\/shop.ferreteriasilver.com\/?product=antisol-blanco-co-pl-20kg","title":{"rendered":"Sika Antisol Blanco membrana de curado de concreto y mortero 20KG"},"content":{"rendered":"<p>Emulsi\u00f3n acuosa de parafina que al aplicarse sobre el concreto o mortero fresco, forma una pel\u00edcula impermeable que evita la p\u00e9rdida prematura de humedad, garantizando su curado.<\/p>\n","protected":false},"excerpt":{"rendered":"<p>Compuesto l\u00edquido formador de membrana para curar concretos y morteros en ambiente normal.<\/p>\n","protected":false},"featured_media":4887,"comment_status":"closed","ping_status":"closed","template":"","meta":[],"product_brand":[299],"product_cat":[257],"product_tag":[268,267,269],"class_list":{"0":"post-4554","1":"product","2":"type-product","3":"status-publish","4":"has-post-thumbnail","6":"product_brand-sika","7":"product_cat-aditivos-y-complementarios","8":"product_tag-curador-de-concretos-y-morteros-base-acuosa","9":"product_tag-curadores-y-desmoldantes","10":"product_tag-curar-concretos-y-morteros-despues-de-la-fundicion-colocacion","12":"first","13":"instock","14":"taxable","15":"shipping-taxable","16":"purchasable","17":"product-type-simple"},"_links":{"self":[{"href":"https:\/\/shop.ferreteriasilver.com\/index.php?rest_route=\/wp\/v2\/product\/4554","targetHints":{"allow":["GET"]}}],"collection":[{"href":"https:\/\/shop.ferreteriasilver.com\/index.php?rest_route=\/wp\/v2\/product"}],"about":[{"href":"https:\/\/shop.ferreteriasilver.com\/index.php?rest_route=\/wp\/v2\/types\/product"}],"replies":[{"embeddable":true,"href":"https:\/\/shop.ferreteriasilver.com\/index.php?rest_route=%2Fwp%2Fv2%2Fcomments&post=4554"}],"wp:featuredmedia":[{"embeddable":true,"href":"https:\/\/shop.ferreteriasilver.com\/index.php?rest_route=\/wp\/v2\/media\/4887"}],"wp:attachment":[{"href":"https:\/\/shop.ferreteriasilver.com\/index.php?rest_route=%2Fwp%2Fv2%2Fmedia&parent=4554"}],"wp:term":[{"taxonomy":"product_brand","embeddable":true,"href":"https:\/\/shop.ferreteriasilver.com\/index.php?rest_route=%2Fwp%2Fv2%2Fproduct_brand&post=4554"},{"taxonomy":"product_cat","embeddable":true,"href":"https:\/\/shop.ferreteriasilver.com\/index.php?rest_route=%2Fwp%2Fv2%2Fproduct_cat&post=4554"},{"taxonomy":"product_tag","embeddable":true,"href":"https:\/\/shop.ferreteriasilver.com\/index.php?rest_route=%2Fwp%2Fv2%2Fproduct_tag&post=4554"}],"curies":[{"name":"wp","href":"https:\/\/api.w.org\/{rel}","templated":true}]}}